) = 2315*w - 99548. What is t(43)?
-3
Let t(p) = p**3 - 52*p**2 - 345*p - 190. Determine t(58).
-16
Let y(t) = -t**3 - 498*t**2 - 2460*t + 2468. Give y(-493).
3
Let d(m) = 52573*m + 106382. Determine d(-2).
1236
Let d(t) = 1179*t - 17665. What is d(15)?
20
Let c(l) = 110*l - 13164. What is c(118)?
-184
Let u(b) = -b**3 + 78*b**2 + 68*b + 882. Give u(79).
13
Let r(h) = 4907*h - 9945. Give r(2).
-131
Let n(c) = 53743*c - 2633418. Calculate n(49).
-11
Let d(v) = -v**2 + 7628*v + 492237. Determine d(-64).
-51
Let p(z) = -20*z**3 - 177*z**2 + 8358*z + 74988. Give p(-9).
9
Let p(j) = -j**2 - 126*j - 4308. What is p(-77)?
-535
Let y(r) = -16*r**2 - 31264*r + 187634. Calculate y(6).
-526
Let m(d) = 2161*d - 15142. Calculate m(7).
-15
Let i(z) = z**3 - 245*z**2 + 262*z - 4536. What is i(244)?
-144
Let t(f) = -3819*f + 3660. What is t(1)?
-159
Let f(k) = 19*k**2 - 122*k - 2376. Give f(-18).
5976
Let v(g) = -8*g**2 - 2204*g + 11119. Give v(5).
-101
Let y(t) = -9191*t - 17337. What is y(-2)?
1045
Let o(k) = 38*k**2 + 13048*k + 17773. Calculate o(-342).
-11
Let f(o) = o**2 + 242*o - 5791. Determine f(-264).
17
Let x(m) = -m**3 + 48*m**2 + 115*m - 1143. What is x(49)?
2091
Let g(l) = -699*l + 1903. Calculate g(3).
-194
Let h(s) = -s**2 - 41*s + 53. Calculate h(-42).
11
Let q(r) = -r**3 - 312*r**2 - 3580*r + 5999. Calculate q(-300).
-1
Let b(s) = 3*s**2 - 3306*s + 19779. Calculate b(6).
51
Let b(l) = -6*l**2 - 285*l + 94. What is b(-39)?
2083
Let j(n) = -20*n**2 + 3749*n + 7513. Give j(-2).
-65
Let j(t) = 14*t**2 - 59*t - 21451. Calculate j(-37).
-102
Let l(f) = 28*f - 227. Give l(4).
-115
Let t(j) = j**3 - 100*j**2 - 1456*j - 1465. Give t(113).
4
Let r(h) = 2*h**3 - 7*h**2 - 4*h + 229. Determine r(0).
229
Let y(f) = 4*f**3 - 5*f**2 + 45*f + 69. What is y(0)?
69
Let s(i) = -77*i**3 + 2092*i**2 + 1794*i - 39. Calculate s(28).
17
Let x(t) = -18031*t + 432937. Determine x(24).
193
Let n(x) = 2*x**3 - 2*x**2 - 324*x - 248. What is n(14)?
312
Let y(q) = -235*q**3 + 197*q**2 + 19*q - 5. Calculate y(2).
-1059
Let p(u) = -241520*u - 6279500. Give p(-26).
20
Let o(s) = -3*s**2 + 1136*s - 23035. Determine o(22).
505
Let q(n) = -7046*n + 13451. Calculate q(2).
-641
Let t(a) = -16600*a + 149959. What is t(9)?
559
Let t(w) = w**2 + 87979*w - 527928. Determine t(6).
-18
Let z(r) = -228*r**2 + 39900*r - 5. Determine z(175).
-5
Let f(x) = -18347*x - 403633. What is f(-22)?
1
Let d(a) = a**2 + 32*a - 237. Determine d(9).
132
Let q(m) = -m**3 + 356*m**2 + 2553*m - 4380. Determine q(363).
-24
Let k(l) = -28*l**2 - 508*l + 5. Give k(4).
-2475
Let b(l) = 2977*l + 187575. Give b(-63).
24
Let j(y) = 295*y - 71152. What is j(241)?
-57
Let k(p) = 7*p**2 - 106*p - 355. Give k(24).
1133
Let t(h) = -4*h**2 + 8377*h + 67286. What is t(-8)?
14
Let x(a) = a**3 + 14*a**2 - 4*a - 639. Give x(-15).
-804
Let k(n) = -192*n - 16477. Determine k(-86).
35
Let r(c) = -550*c**2 - 2276*c + 7. Give r(-4).
311
Let u(w) = -w**2 + 20386*w - 529357. What is u(26)?
3
Let x(m) = m**3 + 31*m**2 + 106*m - 1074. What is x(-25)?
26
Let z(x) = x**3 + 40*x**2 - 785*x + 134. Give z(14).
-272
Let o(k) = 28*k**2 + 4186*k - 44618. What is o(10)?
42
Let b(o) = o**2 - 6415*o - 417. Calculate b(0).
-417
Let f(o) = 105*o**2 - 673*o - 2021. Calculate f(-3).
943
Let s(v) = -2074*v + 139143. Determine s(67).
185
Let l(y) = -379*y - 3041. What is l(-10)?
749
Let y(d) = -6*d**2 - 17257*d - 120510. Determine y(-7).
-5
Let k(p) = 788*p**2 + 462*p + 91. Determine k(-3).
5797
Let w(q) = 1543*q - 15327. Calculate w(10).
103
Let o(i) = -40*i**2 + 199*i + 276. Calculate o(9).
-1173
Let r(n) = n**3 + 559*n**2 - 5550*n + 79672. Calculate r(-569).
12
Let s(z) = -20480*z - 819232. What is s(-40)?
-32
Let y(p) = 13*p**2 + 48*p - 962. Calculate y(7).
11
Let g(l) = 75*l**2 - 1210*l + 27. Determine g(16).
-133
Let x(s) = -4308561*s + 25851377. Determine x(6).
11
Let x(v) = -v**2 - 412*v - 6663. Determine x(-17).
52
Let q(p) = 236*p - 100623. What is q(427)?
149
Let z(d) = -656*d - 1205. Determine z(-3).
763
Let c(m) = -1556760*m + 3113512. What is c(2)?
-8
Let n(o) = -o**3 + 497*o**2 + 52150*o + 2320. What is n(586)?
-24
Let o(n) = -n**3 + 202*n**2 + 17*n - 3199. What is o(202)?
235
Let o(u) = -u**3 + 119*u**2 - 2043*u + 311808. Give o(123).
3
Let a(j) = -27751*j + 2053578. What is a(74)?
4
Let s(x) = -1286*x + 2689. Give s(2).
117
Let v(l) = -7*l**3 - 73687*l**2 + 73687*l - 1. Calculate v(1).
-8
Let t(m) = 19*m**3 - 6820*m**2 - 363*m + 1393. Determine t(359).
-43
Let k(m) = -123*m + 11086. Give k(92).
-230
Let c(g) = 2*g**2 + 504*g - 802. Give c(0).
-802
Let z(y) = -173713*y - 173729. Give z(-1).
-16
Let z(y) = -y**3 + 603*y**2 + 5526*y - 11003. Calculate z(612).
13
Let p(t) = -9*t**2 + 670*t - 7585. Calculate p(14).
31
Let f(c) = -c**2 - c + 2462. Determine f(49).
12
Let t(a) = -3*a**3 + 516*a**2 - 2017*a + 8. Calculate t(4).
4
Let j(n) = 973*n**2 - 1075*n - 3. Determine j(-1).
2045
Let z(m) = m**2 + 6170*m - 105173. Determine z(17).
6
Let q(j) = -j**2 + 190*j + 1560. Determine q(-8).
-24
Let k(q) = 11*q**2 - 237*q + 1157. Determine k(13).
-65
Let r(t) = -1953*t - 37127. Determine r(-19).
-20
Let l(a) = -2663*a + 66605. What is l(25)?
30
Let h(w) = w**3 + 179*w**2 - 4194*w + 1213. Calculate h(-200).
13
Let j(c) = 4550*c - 245728. Give j(54).
-28
Let r(o) = 10666*o - 3615770. Calculate r(339).
4
Let r(g) = -g**2 + 295*g - 21738. Give r(152).
-2
Let q(h) = -3*h**2 + 53392*h + 320365. Give q(-6).
-95
Let l(t) = -3737*t - 31367. Determine l(-9).
2266
Let u(r) = -2872999*r + 4. Determine u(0).
4
Let c(o) = 589*o + 82882. Calculate c(-143).
-1345
Let o(m) = -m**3 - 1513*m**2 - 41502*m + 115840. Calculate o(-1485).
10
Let f(x) = -x**3 + 355*x**2 + 4557*x + 83550. Give f(368).
14
Let w(b) = -618*b + 297282. What is w(481)?
24
Let m(b) = -6*b**2 + 1015*b + 9642. Determine m(-9).
21
Let y(p) = -86625*p + 433121. Give y(5).
-4
Let x(y) = 2*y**3 - 49*y**2 - 846*y + 655. Determine x(36).
7
Let f(b) = -37*b**2 - 998*b + 43. Give f(-27).
16
Let q(k) = -4*k**3 + 110*k**2 + 249*k - 3491. Calculate q(5).
4
Let b(m) = -m**3 + 72*m**2 + 24*m - 6700. What is b(71)?
45
Let a(r) = -r**3 - 64*r**2 - 367*r - 4254. Determine a(-59).
-6
Let s(p) = -p**3 + 189*p**2 - 424*p + 44970. Calculate s(188).
602
Let r(x) = -x**2 + 368*x - 3154. Calculate r(9).
77
Let c(b) = -55*b**2 + 887*b - 2463. Determine c(12).
261
Let y(r) = 8*r**3 - 125*r**2 - 187*r - 50. Calculate y(17).
-50
Let k(s) = 498*s - 8533. Calculate k(17).
-67
Let b(k) = 449*k + 51224. Give b(-114).
38
Let s(y) = y**3 + 13*y**2 + 73*y + 5963. Give s(-22).
1
Let r(s) = 3814*s + 15221. What is r(-4)?
-35
Let p(y) = 11537*y + 161507. Give p(-14).
-11
Let w(f) = 9*f**2 - 130*f + 47. Calculate w(21).
1286
Let c(i) = 1374*i + 131899. Give c(-96).
-5
Let v(t) = -270*t**2 + 686*t + 1. Give v(3).
-371
Let m(z) = -50*z**2 - 3796*z + 405. Determine m(-76).
101
Let w(x) = 5436*x - 87033. Calculate w(16).
-57
Let l(t) = 9*t**2 - 8622*t + 209913. Determine l(933).
-12
Let p(k) = k**3 + 65*k**2 + 98*k + 2496. What is p(-64)?
320
Let d(n) = n**3 - 107*n**2 + 2795*n + 372. Determine d(44).
1384
Let y(w) = 2*w**2 + 6147*w - 67864. Calculate y(11).
-5
Let y(v) = -216*v - 643. Determine y(-3).
5
Let r(f) = 3*f**3 - 41*f**2 + 66*f + 37. Determine r(12).
109
Let v(d) = -20444*d - 327105. Give v(-16).
-1
Let n(y) = -3*y**2 - 322*y - 5047. What is n(-19)?
-12
Let l(o) = -47468*o - 237342. What is l(-5)?
-2
Let a(s) = 3*s**2 - 702*s + 4041. Give a(228).
-63
Let r(s) = 224*s**2 + 50*s + 35. Calculate r(-1).
209
Let y(m) = -439498*m + 11866444. What is y(27)?
-2
Let k(c) = 19*c**3 - 1158*c**2 - 71*c + 755. Determine k(61).
145
Let b(p) = 62*p**2 + 325*p + 328. Calculate b(-4).
20
Let t(f) = 16670*f + 2500492. Calculate t(-150).
-8
Let k(b) = b**3 - 279*b**2 - 4414*b + 1254. Calculate k(294).
78
Let c(i) = -i**3 - 25*i**2 + 175*i + 690. Calculate c(-3).
-33
Let t(n) = 8*n**2 - 7805*n + 100120. Give t(13).
7
Let f(p) = -p**2 - 70*p - 977. What is f(-35)?
248
Let o(k) = -436962*k + 3495707. Determine o(8).
11
Let f(l) = 3*l**3 - 57*l**2 + 136*l - 61. Calculate f(2).
7
Let a(y) = 1219912*y + 24398232. Determine a(-20).
-8
Let r(x) = 360*x + 5766. Calculate r(-21).
-1794
Let p(k) = k**3 + 29*k**2 - 779*k + 3412. Determine p(6).
-2
Le